8?
14
What is the highest common divisor of 48 and 24?
24
What is the highest common factor of 429 and 286?
143
What is the greatest common divisor of 3483 and 162?
81
What is the greatest common divisor of 266 and 56?
14
What is the greatest common divisor of 8856 and 41?
41
What is the highest common factor of 2 and 1878?
2
What is the highest common divisor of 38 and 418?
38
What is the greatest common divisor of 19323 and 19?
19
What is the highest common factor of 236 and 33394?
118
What is the greatest common divisor of 61470 and 90?
90
Calculate the greatest common divisor of 54 and 4563.
27
What is the greatest common divisor of 470 and 230?
10
Calculate the highest common divisor of 2660 and 105.
35
Calculate the greatest common divisor of 392 and 21.
7
What is the greatest common divisor of 2472 and 1030?
206
Calculate the greatest common divisor of 16 and 1664.
16
What is the highest common factor of 20 and 10460?
20
Calculate the greatest common divisor of 2167 and 22.
11
Calculate the highest common factor of 21 and 13349.
7
Calculate the highest common factor of 770 and 242.
22
Calculate the highest common factor of 216 and 1314.
18
What is the highest common factor of 13 and 91?
13
Calculate the greatest common divisor of 351 and 153.
9
Calculate the greatest common divisor of 1 and 173.
1
Calculate the greatest common factor of 126 and 2898.
126
What is the greatest common factor of 96 and 456?
24
Calculate the greatest common factor of 230 and 92.
46
Calculate the greatest common divisor of 204 and 374.
34
What is the greatest common divisor of 182 and 1729?
91
Calculate the greatest common divisor of 208 and 2600.
104
What is the highest common divisor of 35 and 560?
35
What is the greatest common divisor of 925 and 148?
37
Calculate the highest common divisor of 5566 and 22.
22
Calculate the greatest common divisor of 628 and 8.
4
What is the greatest common factor of 2813 and 291?
97
What is the highest common divisor of 725 and 25?
25
What is the highest common divisor of 30 and 14010?
30
Calculate the greatest common divisor of 66 and 30.
6
Calculate the highest common divisor of 56 and 2548.
28
Calculate the highest common divisor of 2478 and 84.
42
Calculate the greatest common divisor of 18 and 315.
9
What is the highest common factor of 620 and 80?
20
Calculate the highest common divisor of 116 and 4.
4
Calculate the greatest common factor of 163 and 2.
1
What is the highest common divisor of 276 and 24?
12
What is the greatest common factor of 80 and 540?
20
Calculate the greatest common factor of 252 and 36.
36
What is the highest common factor of 21551 and 23?
23
Calculate the greatest common divisor of 244 and 1830.
122
Calculate the greatest common divisor of 38 and 361.
19
What is the highest common divisor of 57 and 437?
19
What is the highest common divisor of 100 and 380?
20
What is the greatest common factor of 9132 and 60?
12
Calculate the greatest common divisor of 182 and 1261.
13
What is the highest common divisor of 962 and 52?
26
What is the highest common divisor of 73 and 146?
73
What is the highest common divisor of 22 and 66?
22
What is the greatest common divisor of 6 and 4?
2
What is the highest common divisor of 21 and 519?
3
Calculate the greatest common factor of 1953 and 189.
63
What is the greatest common divisor of 275 and 125?
25
Calculate the highest common divisor of 201 and 51.
3
What is the highest common factor of 306 and 153?
153
What is the greatest common factor of 62 and 2?
2
Calculate the greatest common divisor of 69 and 33.
3
Calculate the highest common factor of 378 and 56.
14
What is the highest common factor of 153 and 816?
51
What is the greatest common factor of 141 and 24?
3
What is the highest common factor of 5984 and 416?
32
What is the greatest common factor of 42 and 558?
6
Calculate the greatest common divisor of 30 and 36.
6
Calculate the highest common divisor of 32 and 2872.
8
Calculate the greatest common factor of 441 and 525.
21
What is the greatest common factor of 12636 and 9?
9
Calculate the highest common factor of 3397 and 86.
43
What is the greatest common divisor of 128 and 304?
16
Calculate the greatest common divisor of 12 and 2811.
3
Calculate the greatest common factor of 348 and 957.
87
Calculate the greatest common factor of 145 and 87.
29
Calculate the greatest common divisor of 5071 and 11.
11
Calculate the greatest common factor of 185 and 111.
37
What is the highest common factor of 342 and 144?
18
Calculate the greatest common factor of 7486 and 114.
38
What is the greatest common factor of 508 and 127?
127
Calculate the greatest common divisor of 130 and 158.
2
Calculate the highest common divisor of 8 and 188.
4
What is the highest common factor of 46 and 5658?
46
What is the greatest common factor of 836 and 572?
44
What is the greatest common factor of 55 and 16?
1
What is the greatest common factor of 2636 and 4?
4
What is the greatest common factor of 27 and 24?
3
What is the highest common divisor of 11 and 2981?
11
Calculate the highest common factor of 1122 and 4386.
102
Calculate the greatest common divisor of 32 and 6176.
32
Calculate the greatest common factor of 10 and 82.
2
Calculate the greatest common divisor of 962 and 52.
26
Calculate the highest common divisor of 46 and 354.
2
Calculate the greatest common divisor of 213 and 568.
71
Calculate the highest common divisor of 91 and 533.
13
What is the highest common factor of 11233 and 47?
47
What is the greatest common factor of 150 and 60?
30
What is the greatest common factor of 43 and 19?
1
What is the greatest common divisor of 84 and 189?
21
Calculate the highest common divisor of 30 and 27.
3
Calculate the greatest common divisor of 2556 and 162.
18
Calculate the greatest common factor of 10 and 30.
10
What is the greatest common divisor of 1888 and 118?
118
Calculate the highest common divisor of 1648 and 515.
103
What is the highest common divisor of 32 and 10?
2
Calculate the greatest common divisor of 474 and 6.
6
Calculate the highest common divisor of 1011 and 60.
3
Calculate the greatest common factor of 300 and 15780.
60
Calculate the greatest common divisor of 26 and 180.
2
What is the greatest common factor of 27 and 2133?
27
What is the highest common divisor of 1 and 11?
1
Calculate the highest common divisor of 30 and 5145.
15
Calculate the greatest common factor of 395 and 135.
5
What is the greatest common divisor of 117 and 27?
9
What is the greatest common factor of 4688 and 144?
16
Calculate the highest common factor of 9 and 26.
1
What is the greatest common factor of 1 and 22?
1
Calculate the greatest common factor of 26 and 546.
26
What is the highest common divisor of 198 and 1892?
22
What is the greatest common divisor of 28 and 28?
28
Calculate the highest common divisor of 18 and 334.
2
What is the greatest common divisor of 645 and 45?
15
Calculate the greatest common factor of 45 and 153.
9
What is the highest common divisor of 110 and 22?
22
What is the greatest common divisor of 29 and 116?
29
Calculate the highest common divisor of 176 and 35552.
176
What is the greatest common divisor of 384 and 6?
6
What is the greatest common divisor of 3284 and 20?
4
Calculate the highest common factor of 484 and 22.
22
What is the highest common divisor of 13 and 377?
13
Calculate the greatest common factor of 39917 and 223.
223
Calculate the highest common divisor of 13 and 65.
13
What is the highest common factor of 61 and 1586?
61
What is the greatest common divisor of 60 and 96?
12
What is the highest common divisor of 87 and 12209?
29
Calculate the greatest common divisor of 11358 and 18.
18
What is the greatest common factor of 99 and 18?
9
What is the greatest common factor of 407 and 74?
37
What is the greatest common divisor of 13 and 1313?
13
What is the greatest common divisor of 18 and 90?
18
Calculate the greatest common divisor of 70 and 1610.
70
What is the highest common divisor of 320 and 100?
20
Calculate the greatest common divisor of 34 and 289.
17
Calculate the highest common factor of 648 and 5130.
54
What is the highest common factor of 7 and 7364?
7
What is the highest common divisor of 89 and 11?
1
Calculate the highest c